{"id":1627,"date":"2021-12-04T16:17:50","date_gmt":"2021-12-04T19:17:50","guid":{"rendered":"https:\/\/graficaarejano.com.br\/site\/?post_type=product&#038;p=1627"},"modified":"2026-03-11T10:49:05","modified_gmt":"2026-03-11T13:49:05","slug":"envelopes-sacos","status":"publish","type":"product","link":"https:\/\/graficaarejano.com.br\/site\/produto\/envelopes-sacos\/","title":{"rendered":"Envelopes Sacos"},"content":{"rendered":"<p data-start=\"246\" data-end=\"507\">O <strong data-start=\"248\" data-end=\"265\">Envelope Saco<\/strong> \u00e9 ideal para envio, organiza\u00e7\u00e3o e armazenamento de documentos que precisam ser transportados sem dobras. Produzido em <strong data-start=\"384\" data-end=\"405\">papel sulfite 90g<\/strong>, oferece boa resist\u00eancia e praticidade para uso no dia a dia de empresas, escrit\u00f3rios e institui\u00e7\u00f5es.<\/p>\n<p data-start=\"509\" data-end=\"774\">Esse tipo de envelope \u00e9 muito utilizado para <strong data-start=\"554\" data-end=\"672\">envio de contratos, relat\u00f3rios, cat\u00e1logos, propostas comerciais, documentos importantes e materiais institucionais<\/strong>, pois seu formato permite acomodar folhas no tamanho original, preservando a integridade do material.<\/p>\n<p data-start=\"776\" data-end=\"985\">Al\u00e9m da fun\u00e7\u00e3o pr\u00e1tica de proteger documentos, o envelope saco tamb\u00e9m contribui para uma apresenta\u00e7\u00e3o mais profissional, principalmente quando personalizado com logotipo, dados da empresa ou identidade visual.<\/p>\n<p data-start=\"987\" data-end=\"1193\">Por ser vers\u00e1til e funcional, ele \u00e9 amplamente utilizado por <strong data-start=\"1048\" data-end=\"1110\">empresas, escrit\u00f3rios, cl\u00ednicas, escolas e \u00f3rg\u00e3os p\u00fablicos<\/strong>, sendo um item essencial para comunica\u00e7\u00e3o corporativa e organiza\u00e7\u00e3o de documentos.<\/p>\n","protected":false},"excerpt":{"rendered":"<p>O Envelope Saco \u00e9 ideal para envio, organiza\u00e7\u00e3o e armazenamento de documentos que precisam ser transportados sem dobras. Produzido em papel sulfite 90g, oferece boa resist\u00eancia e praticidade para uso no dia a dia de empresas, escrit\u00f3rios e institui\u00e7\u00f5es. Esse tipo de envelope \u00e9 muito utilizado para envio de contratos, relat\u00f3rios, cat\u00e1logos, propostas comerciais, documentos [&hellip;]<\/p>\n","protected":false},"featured_media":1631,"comment_status":"open","ping_status":"closed","template":"","meta":[],"product_brand":[],"product_cat":[343],"product_tag":[],"class_list":{"0":"post-1627","1":"product","2":"type-product","3":"status-publish","4":"has-post-thumbnail","6":"product_cat-envelopes","8":"first","9":"instock","10":"shipping-taxable","11":"purchasable","12":"product-type-variable","13":"has-default-attributes"},"acf":[],"_links":{"self":[{"href":"https:\/\/graficaarejano.com.br\/site\/wp-json\/wp\/v2\/product\/1627","targetHints":{"allow":["GET"]}}],"collection":[{"href":"https:\/\/graficaarejano.com.br\/site\/wp-json\/wp\/v2\/product"}],"about":[{"href":"https:\/\/graficaarejano.com.br\/site\/wp-json\/wp\/v2\/types\/product"}],"replies":[{"embeddable":true,"href":"https:\/\/graficaarejano.com.br\/site\/wp-json\/wp\/v2\/comments?post=1627"}],"wp:featuredmedia":[{"embeddable":true,"href":"https:\/\/graficaarejano.com.br\/site\/wp-json\/wp\/v2\/media\/1631"}],"wp:attachment":[{"href":"https:\/\/graficaarejano.com.br\/site\/wp-json\/wp\/v2\/media?parent=1627"}],"wp:term":[{"taxonomy":"product_brand","embeddable":true,"href":"https:\/\/graficaarejano.com.br\/site\/wp-json\/wp\/v2\/product_brand?post=1627"},{"taxonomy":"product_cat","embeddable":true,"href":"https:\/\/graficaarejano.com.br\/site\/wp-json\/wp\/v2\/product_cat?post=1627"},{"taxonomy":"product_tag","embeddable":true,"href":"https:\/\/graficaarejano.com.br\/site\/wp-json\/wp\/v2\/product_tag?post=1627"}],"curies":[{"name":"wp","href":"https:\/\/api.w.org\/{rel}","templated":true}]}}