{"id":1828,"date":"2021-12-07T15:42:52","date_gmt":"2021-12-07T18:42:52","guid":{"rendered":"https:\/\/graficaarejano.com.br\/site\/?post_type=product&#038;p=1828"},"modified":"2026-03-20T10:39:22","modified_gmt":"2026-03-20T13:39:22","slug":"bolacha-de-chopp","status":"publish","type":"product","link":"https:\/\/graficaarejano.com.br\/site\/produto\/bolacha-de-chopp\/","title":{"rendered":"Bolacha de Chopp"},"content":{"rendered":"<p data-start=\"240\" data-end=\"456\">A <strong data-start=\"242\" data-end=\"291\">Bolacha de Chopp Simples personalizada em Couch\u00ea 250g ou 300g<\/strong> \u00e9 a solu\u00e7\u00e3o ideal para bares, restaurantes, pubs, cervejarias artesanais e eventos que desejam unir prote\u00e7\u00e3o, organiza\u00e7\u00e3o e divulga\u00e7\u00e3o da marca em um \u00fanico produto.<\/p>\n<p data-start=\"458\" data-end=\"755\">Produzida em papel <strong data-start=\"477\" data-end=\"492\">couch\u00ea 250g ou 300g<\/strong>, ela possui excelente qualidade de impress\u00e3o, cores vibrantes e acabamento profissional. Al\u00e9m de proteger mesas contra umidade e respingos, funciona como uma poderosa ferramenta de marketing, mantendo sua marca em evid\u00eancia durante toda a experi\u00eancia do cliente.<\/p>\n<p data-start=\"757\" data-end=\"873\">\u00c9 um produto simples, mas altamente estrat\u00e9gico: enquanto o cliente consome, sua marca est\u00e1 ali, vis\u00edvel e presente.<\/p>\n<p data-start=\"271\" data-end=\"429\">A <strong data-start=\"273\" data-end=\"319\">Bolacha de Chopp Premium em Reciclato 150g<\/strong> \u00e9 a escolha ideal para estabelecimentos que desejam unir apresenta\u00e7\u00e3o, prote\u00e7\u00e3o e responsabilidade ambiental.<\/p>\n<p data-start=\"431\" data-end=\"709\">Produzida em papel <strong data-start=\"450\" data-end=\"468\">reciclato 150g<\/strong>, ela possui um visual naturalmente elegante, com tonalidade levemente amadeirada que transmite sofistica\u00e7\u00e3o e consci\u00eancia ecol\u00f3gica. Seu acabamento valoriza a impress\u00e3o e refor\u00e7a a identidade de marcas que se preocupam com sustentabilidade.<\/p>\n<p data-start=\"711\" data-end=\"892\">Al\u00e9m de proteger mesas contra umidade e respingos, essa bolacha funciona como uma poderosa ferramenta de branding, mantendo sua marca presente durante toda a experi\u00eancia do cliente.<\/p>\n<p data-start=\"894\" data-end=\"1019\">\u00c9 perfeita para bares artesanais, cervejarias, pubs, eventos sustent\u00e1veis e estabelecimentos que desejam comunicar prop\u00f3sito.<\/p>\n<h2 class=\"title-page\">Por que imprimir bolacha de chopp?<\/h2>\n<div class=\"text-group\">\n<div>A <b>gr\u00e1fica Arejano <\/b>oferece aos seus revendedores e parceiros materiais de\u00a0<b>alt\u00edssima qualidade e com pre\u00e7os reduzidos<\/b>. Venha se surpreender com a efici\u00eancia de nossos servi\u00e7os e adquira agora mesmo\u00a0<b>bolacha de chopp.<\/b><\/div>\n<\/div>\n<h2 class=\"title-page\">Quais as caracter\u00edsticas dos modelos de bolacha de chopp?<\/h2>\n<div class=\"text-group\">\n<div>Dois modelos de bolacha de chopp:<br \/>\n<b>Bolacha de chopp Simples:<\/b>\u00a0produzido no papel couch\u00ea 250g ou 300g, dispon\u00edvel no tamanho 8,5&#215;8,5 cm, recebe cobertura de Verniz Total Frente.<br \/>\n<b>Bolacha de chopp Premium:<\/b>\u00a0produzido no papel Reciclato 150g, dispon\u00edvel no tamanho 9&#215;9 cm, sem a cobertura de Verniz.<\/div>\n<\/div>\n","protected":false},"excerpt":{"rendered":"<p>A Bolacha de Chopp Simples personalizada em Couch\u00ea 250g ou 300g \u00e9 a solu\u00e7\u00e3o ideal para bares, restaurantes, pubs, cervejarias artesanais e eventos que desejam unir prote\u00e7\u00e3o, organiza\u00e7\u00e3o e divulga\u00e7\u00e3o da marca em um \u00fanico produto. Produzida em papel couch\u00ea 250g ou 300g, ela possui excelente qualidade de impress\u00e3o, cores vibrantes e acabamento profissional. Al\u00e9m [&hellip;]<\/p>\n","protected":false},"featured_media":1840,"comment_status":"open","ping_status":"closed","template":"","meta":[],"product_brand":[],"product_cat":[386],"product_tag":[],"class_list":{"0":"post-1828","1":"product","2":"type-product","3":"status-publish","4":"has-post-thumbnail","6":"product_cat-bolachas-de-chopp","8":"first","9":"instock","10":"shipping-taxable","11":"purchasable","12":"product-type-variable"},"acf":[],"jetpack_sharing_enabled":true,"_links":{"self":[{"href":"https:\/\/graficaarejano.com.br\/site\/wp-json\/wp\/v2\/product\/1828","targetHints":{"allow":["GET"]}}],"collection":[{"href":"https:\/\/graficaarejano.com.br\/site\/wp-json\/wp\/v2\/product"}],"about":[{"href":"https:\/\/graficaarejano.com.br\/site\/wp-json\/wp\/v2\/types\/product"}],"replies":[{"embeddable":true,"href":"https:\/\/graficaarejano.com.br\/site\/wp-json\/wp\/v2\/comments?post=1828"}],"wp:featuredmedia":[{"embeddable":true,"href":"https:\/\/graficaarejano.com.br\/site\/wp-json\/wp\/v2\/media\/1840"}],"wp:attachment":[{"href":"https:\/\/graficaarejano.com.br\/site\/wp-json\/wp\/v2\/media?parent=1828"}],"wp:term":[{"taxonomy":"product_brand","embeddable":true,"href":"https:\/\/graficaarejano.com.br\/site\/wp-json\/wp\/v2\/product_brand?post=1828"},{"taxonomy":"product_cat","embeddable":true,"href":"https:\/\/graficaarejano.com.br\/site\/wp-json\/wp\/v2\/product_cat?post=1828"},{"taxonomy":"product_tag","embeddable":true,"href":"https:\/\/graficaarejano.com.br\/site\/wp-json\/wp\/v2\/product_tag?post=1828"}],"curies":[{"name":"wp","href":"https:\/\/api.w.org\/{rel}","templated":true}]}}