{"id":1978,"date":"2021-12-09T15:28:40","date_gmt":"2021-12-09T18:28:40","guid":{"rendered":"https:\/\/graficaarejano.com.br\/site\/?post_type=product&#038;p=1978"},"modified":"2026-03-06T14:17:08","modified_gmt":"2026-03-06T17:17:08","slug":"cartazes-promocao","status":"publish","type":"product","link":"https:\/\/graficaarejano.com.br\/site\/produto\/cartazes-promocao\/","title":{"rendered":"Cartazes Promo\u00e7\u00e3o Oferta &#8211; Padr\u00e3o"},"content":{"rendered":"<p>O\u00a0<b>Cartaz Oferta <\/b>nos tamanhos:<\/p>\n<p><b>297 x 420 mm &#8211; 210 x 297 mm &#8211; 150 x 210mm &#8211; 100x150mm &#8211; 80 x 40 mm<\/b><\/p>\n<p data-start=\"260\" data-end=\"418\">O <strong data-start=\"262\" data-end=\"290\">Cartaz Promo\u00e7\u00e3o \/ Oferta<\/strong> \u00e9 uma solu\u00e7\u00e3o pr\u00e1tica e eficiente para destacar produtos, anunciar descontos e atrair a aten\u00e7\u00e3o dos clientes no ponto de venda.<\/p>\n<p data-start=\"420\" data-end=\"733\">Produzido em <strong data-start=\"433\" data-end=\"455\">papel Supremo 300g<\/strong>, ele oferece \u00f3tima resist\u00eancia, excelente qualidade de impress\u00e3o e cores vivas que ajudam a destacar as informa\u00e7\u00f5es da promo\u00e7\u00e3o. A gramatura mais alta garante maior durabilidade e melhor apresenta\u00e7\u00e3o, ideal para exposi\u00e7\u00e3o em vitrines, paredes, prateleiras e \u00e1reas promocionais.<\/p>\n<p data-start=\"735\" data-end=\"926\">Esse tipo de cartaz \u00e9 amplamente utilizado por com\u00e9rcios e empresas para comunicar ofertas de forma r\u00e1pida e clara, incentivando o cliente a perceber imediatamente as oportunidades de compra.<\/p>\n<p data-start=\"928\" data-end=\"1059\">Al\u00e9m de funcional, o cartaz promocional tamb\u00e9m contribui para uma comunica\u00e7\u00e3o visual mais organizada e profissional dentro da loja.<\/p>\n<p>OBS: Material pronto e padronizado, ent\u00e3o n\u00e3o h\u00e1 gabarito. Fazer pedido conforme tamanho desejado.<\/p>\n","protected":false},"excerpt":{"rendered":"<p>O\u00a0Cartaz Oferta nos tamanhos: 297 x 420 mm &#8211; 210 x 297 mm &#8211; 150 x 210mm &#8211; 100x150mm &#8211; 80 x 40 mm O Cartaz Promo\u00e7\u00e3o \/ Oferta \u00e9 uma solu\u00e7\u00e3o pr\u00e1tica e eficiente para destacar produtos, anunciar descontos e atrair a aten\u00e7\u00e3o dos clientes no ponto de venda. Produzido em papel Supremo 300g, [&hellip;]<\/p>\n","protected":false},"featured_media":1982,"comment_status":"open","ping_status":"closed","template":"","meta":[],"product_brand":[],"product_cat":[340,417],"product_tag":[],"class_list":{"0":"post-1978","1":"product","2":"type-product","3":"status-publish","4":"has-post-thumbnail","6":"product_cat-cartazes","7":"product_cat-splash","9":"first","10":"instock","11":"shipping-taxable","12":"purchasable","13":"product-type-variable","14":"has-default-attributes"},"acf":[],"jetpack_sharing_enabled":true,"_links":{"self":[{"href":"https:\/\/graficaarejano.com.br\/site\/wp-json\/wp\/v2\/product\/1978","targetHints":{"allow":["GET"]}}],"collection":[{"href":"https:\/\/graficaarejano.com.br\/site\/wp-json\/wp\/v2\/product"}],"about":[{"href":"https:\/\/graficaarejano.com.br\/site\/wp-json\/wp\/v2\/types\/product"}],"replies":[{"embeddable":true,"href":"https:\/\/graficaarejano.com.br\/site\/wp-json\/wp\/v2\/comments?post=1978"}],"wp:featuredmedia":[{"embeddable":true,"href":"https:\/\/graficaarejano.com.br\/site\/wp-json\/wp\/v2\/media\/1982"}],"wp:attachment":[{"href":"https:\/\/graficaarejano.com.br\/site\/wp-json\/wp\/v2\/media?parent=1978"}],"wp:term":[{"taxonomy":"product_brand","embeddable":true,"href":"https:\/\/graficaarejano.com.br\/site\/wp-json\/wp\/v2\/product_brand?post=1978"},{"taxonomy":"product_cat","embeddable":true,"href":"https:\/\/graficaarejano.com.br\/site\/wp-json\/wp\/v2\/product_cat?post=1978"},{"taxonomy":"product_tag","embeddable":true,"href":"https:\/\/graficaarejano.com.br\/site\/wp-json\/wp\/v2\/product_tag?post=1978"}],"curies":[{"name":"wp","href":"https:\/\/api.w.org\/{rel}","templated":true}]}}