{"id":1998,"date":"2021-12-09T15:48:20","date_gmt":"2021-12-09T18:48:20","guid":{"rendered":"https:\/\/graficaarejano.com.br\/site\/?post_type=product&#038;p=1998"},"modified":"2026-03-06T14:07:06","modified_gmt":"2026-03-06T17:07:06","slug":"splash-promocao-padrao","status":"publish","type":"product","link":"https:\/\/graficaarejano.com.br\/site\/produto\/splash-promocao-padrao\/","title":{"rendered":"Splash Promo\u00e7\u00e3o Padr\u00e3o"},"content":{"rendered":"<p>O\u00a0<b>Cartaz Splash Promo\u00e7\u00e3o Padr\u00e3o <\/b>nos tamanhos:<\/p>\n<p><b>290 x 200 mm &#8211; 150 x 210mm &#8211; 100x150mm<\/b><\/p>\n<p data-start=\"261\" data-end=\"421\">O <strong data-start=\"263\" data-end=\"292\">Cartaz Splash promocional<\/strong> \u00e9 um material gr\u00e1fico desenvolvido para chamar a aten\u00e7\u00e3o do p\u00fablico e destacar ofertas, descontos e promo\u00e7\u00f5es no ponto de venda.<\/p>\n<p data-start=\"423\" data-end=\"600\">Produzido em <strong data-start=\"436\" data-end=\"458\">papel Supremo 300g<\/strong>, oferece \u00f3tima resist\u00eancia, excelente qualidade de impress\u00e3o e um acabamento profissional que valoriza as cores e o destaque das informa\u00e7\u00f5es.<\/p>\n<p data-start=\"602\" data-end=\"903\">Seu <strong data-start=\"606\" data-end=\"633\">formato especial Splash<\/strong> possui recorte irregular e din\u00e2mico, criando um visual chamativo e moderno que atrai o olhar do cliente imediatamente. Esse formato \u00e9 amplamente utilizado em vitrines, prateleiras e \u00e1reas promocionais de lojas, justamente por transmitir sensa\u00e7\u00e3o de urg\u00eancia e destaque.<\/p>\n<p data-start=\"905\" data-end=\"1037\">\u00c9 uma solu\u00e7\u00e3o pr\u00e1tica e eficiente para campanhas promocionais, liquida\u00e7\u00f5es, an\u00fancios de descontos e divulga\u00e7\u00e3o de ofertas especiais.<\/p>\n<p>OBS: Material pronto e padronizado, ent\u00e3o n\u00e3o h\u00e1 gabarito. Fazer pedido conforme tamanho desejado.<\/p>\n","protected":false},"excerpt":{"rendered":"<p>O\u00a0Cartaz Splash Promo\u00e7\u00e3o Padr\u00e3o nos tamanhos: 290 x 200 mm &#8211; 150 x 210mm &#8211; 100x150mm O Cartaz Splash promocional \u00e9 um material gr\u00e1fico desenvolvido para chamar a aten\u00e7\u00e3o do p\u00fablico e destacar ofertas, descontos e promo\u00e7\u00f5es no ponto de venda. Produzido em papel Supremo 300g, oferece \u00f3tima resist\u00eancia, excelente qualidade de impress\u00e3o e um [&hellip;]<\/p>\n","protected":false},"featured_media":1999,"comment_status":"open","ping_status":"closed","template":"","meta":[],"product_brand":[],"product_cat":[340,417],"product_tag":[],"class_list":{"0":"post-1998","1":"product","2":"type-product","3":"status-publish","4":"has-post-thumbnail","6":"product_cat-cartazes","7":"product_cat-splash","9":"first","10":"instock","11":"shipping-taxable","12":"purchasable","13":"product-type-variable","14":"has-default-attributes"},"acf":[],"jetpack_sharing_enabled":true,"_links":{"self":[{"href":"https:\/\/graficaarejano.com.br\/site\/wp-json\/wp\/v2\/product\/1998","targetHints":{"allow":["GET"]}}],"collection":[{"href":"https:\/\/graficaarejano.com.br\/site\/wp-json\/wp\/v2\/product"}],"about":[{"href":"https:\/\/graficaarejano.com.br\/site\/wp-json\/wp\/v2\/types\/product"}],"replies":[{"embeddable":true,"href":"https:\/\/graficaarejano.com.br\/site\/wp-json\/wp\/v2\/comments?post=1998"}],"wp:featuredmedia":[{"embeddable":true,"href":"https:\/\/graficaarejano.com.br\/site\/wp-json\/wp\/v2\/media\/1999"}],"wp:attachment":[{"href":"https:\/\/graficaarejano.com.br\/site\/wp-json\/wp\/v2\/media?parent=1998"}],"wp:term":[{"taxonomy":"product_brand","embeddable":true,"href":"https:\/\/graficaarejano.com.br\/site\/wp-json\/wp\/v2\/product_brand?post=1998"},{"taxonomy":"product_cat","embeddable":true,"href":"https:\/\/graficaarejano.com.br\/site\/wp-json\/wp\/v2\/product_cat?post=1998"},{"taxonomy":"product_tag","embeddable":true,"href":"https:\/\/graficaarejano.com.br\/site\/wp-json\/wp\/v2\/product_tag?post=1998"}],"curies":[{"name":"wp","href":"https:\/\/api.w.org\/{rel}","templated":true}]}}