{"id":2306,"date":"2021-12-13T14:04:23","date_gmt":"2021-12-13T17:04:23","guid":{"rendered":"https:\/\/graficaarejano.com.br\/site\/?post_type=product&#038;p=2306"},"modified":"2026-02-13T15:54:24","modified_gmt":"2026-02-13T18:54:24","slug":"cartao-duplo-metalizado","status":"publish","type":"product","link":"https:\/\/graficaarejano.com.br\/site\/produto\/cartao-duplo-metalizado\/","title":{"rendered":"Cart\u00e3o de Visita Duplo Metalizado"},"content":{"rendered":"<p data-start=\"221\" data-end=\"398\">O <strong data-start=\"223\" data-end=\"260\">Cart\u00e3o de Visita Duplo Metalizado<\/strong> \u00e9 uma op\u00e7\u00e3o premium desenvolvida para quem deseja unir <strong data-start=\"316\" data-end=\"376\">sofistica\u00e7\u00e3o, impacto visual e maior \u00e1rea de comunica\u00e7\u00e3o<\/strong> em um \u00fanico material.<\/p>\n<p data-start=\"400\" data-end=\"630\">Produzido em <strong data-start=\"413\" data-end=\"441\">Papel Supremo Metal 300g<\/strong>, oferece acabamento metalizado elegante, com leve brilho sofisticado que valoriza a arte e transmite alto padr\u00e3o. Sua estrutura firme garante excelente resist\u00eancia e presen\u00e7a profissional.<\/p>\n<p data-start=\"632\" data-end=\"656\">Dispon\u00edvel nos tamanhos:<\/p>\n<ul data-start=\"658\" data-end=\"746\">\n<li data-start=\"658\" data-end=\"700\">\n<p data-start=\"660\" data-end=\"700\"><strong data-start=\"660\" data-end=\"698\">18 \u00d7 5 cm (formato alongado duplo)<\/strong><\/p>\n<\/li>\n<li data-start=\"701\" data-end=\"746\">\n<p data-start=\"703\" data-end=\"746\"><strong data-start=\"703\" data-end=\"744\">9 \u00d7 10 cm (formato duplo tradicional)<\/strong><\/p>\n<\/li>\n<\/ul>\n<p data-start=\"748\" data-end=\"937\">O modelo duplo permite mais espa\u00e7o para apresenta\u00e7\u00e3o de servi\u00e7os, portf\u00f3lio resumido, QR Code, redes sociais ou informa\u00e7\u00f5es estrat\u00e9gicas, mantendo o formato compacto quando fechado.<\/p>\n<p data-start=\"939\" data-end=\"1078\">O efeito metalizado do papel cria um visual refinado e diferenciado, ideal para marcas que desejam se posicionar como premium e memor\u00e1veis.<\/p>\n","protected":false},"excerpt":{"rendered":"<p>O Cart\u00e3o de Visita Duplo Metalizado \u00e9 uma op\u00e7\u00e3o premium desenvolvida para quem deseja unir sofistica\u00e7\u00e3o, impacto visual e maior \u00e1rea de comunica\u00e7\u00e3o em um \u00fanico material. Produzido em Papel Supremo Metal 300g, oferece acabamento metalizado elegante, com leve brilho sofisticado que valoriza a arte e transmite alto padr\u00e3o. Sua estrutura firme garante excelente resist\u00eancia [&hellip;]<\/p>\n","protected":false},"featured_media":2364,"comment_status":"open","ping_status":"closed","template":"","meta":[],"product_brand":[],"product_cat":[53,491,942],"product_tag":[],"class_list":{"0":"post-2306","1":"product","2":"type-product","3":"status-publish","4":"has-post-thumbnail","6":"product_cat-cartoes-de-visita","7":"product_cat-cartoes-duplos","8":"product_cat-metalizados","10":"first","11":"instock","12":"shipping-taxable","13":"purchasable","14":"product-type-variable","15":"has-default-attributes"},"acf":[],"jetpack_sharing_enabled":true,"_links":{"self":[{"href":"https:\/\/graficaarejano.com.br\/site\/wp-json\/wp\/v2\/product\/2306","targetHints":{"allow":["GET"]}}],"collection":[{"href":"https:\/\/graficaarejano.com.br\/site\/wp-json\/wp\/v2\/product"}],"about":[{"href":"https:\/\/graficaarejano.com.br\/site\/wp-json\/wp\/v2\/types\/product"}],"replies":[{"embeddable":true,"href":"https:\/\/graficaarejano.com.br\/site\/wp-json\/wp\/v2\/comments?post=2306"}],"wp:featuredmedia":[{"embeddable":true,"href":"https:\/\/graficaarejano.com.br\/site\/wp-json\/wp\/v2\/media\/2364"}],"wp:attachment":[{"href":"https:\/\/graficaarejano.com.br\/site\/wp-json\/wp\/v2\/media?parent=2306"}],"wp:term":[{"taxonomy":"product_brand","embeddable":true,"href":"https:\/\/graficaarejano.com.br\/site\/wp-json\/wp\/v2\/product_brand?post=2306"},{"taxonomy":"product_cat","embeddable":true,"href":"https:\/\/graficaarejano.com.br\/site\/wp-json\/wp\/v2\/product_cat?post=2306"},{"taxonomy":"product_tag","embeddable":true,"href":"https:\/\/graficaarejano.com.br\/site\/wp-json\/wp\/v2\/product_tag?post=2306"}],"curies":[{"name":"wp","href":"https:\/\/api.w.org\/{rel}","templated":true}]}}

Cartão de Visita Duplo Metalizado

<p data-start="221" data-end="398">O <strong data-start="223" data-end="260">Cartão de Visita Duplo Metalizado</strong> é uma opção premium desenvolvida para quem deseja unir <strong data-start="316" data-end="376">sofisticação, impacto visual e maior área de comunicação</strong> em um único material.</p>
<p data-start="400" data-end="630">Produzido em <strong data-start="413" data-end="441">Papel Supremo Metal 300g</strong>, oferece acabamento metalizado elegante, com leve brilho sofisticado que valoriza a arte e transmite alto padrão. Sua estrutura firme garante excelente resistência e presença profissional.</p>
<p data-start="632" data-end="656">Disponível nos tamanhos:</p>
<ul data-start="658" data-end="746">
<li data-start="658" data-end="700">
<p data-start="660" data-end="700"><strong data-start="660" data-end="698">18 × 5 cm (formato alongado duplo)</strong></p>
</li>
<li data-start="701" data-end="746">
<p data-start="703" data-end="746"><strong data-start="703" data-end="744">9 × 10 cm (formato duplo tradicional)</strong></p>
</li>
</ul>
<p data-start="748" data-end="937">O modelo duplo permite mais espaço para apresentação de serviços, portfólio resumido, QR Code, redes sociais ou informações estratégicas, mantendo o formato compacto quando fechado.</p>
<p data-start="939" data-end="1078">O efeito metalizado do papel cria um visual refinado e diferenciado, ideal para marcas que desejam se posicionar como premium e memoráveis.</p>

<p>O Cartão de Visita Duplo Metalizado é uma opção premium desenvolvida para quem deseja unir sofisticação, impacto visual e maior área de comunicação em um único material. Produzido em Papel Supremo Metal 300g, oferece acabamento metalizado elegante, com leve brilho sofisticado que valoriza a arte e transmite alto padrão. Sua estrutura firme garante excelente resistência [&hellip;]</p>
