{"id":2428,"date":"2021-12-14T11:26:58","date_gmt":"2021-12-14T14:26:58","guid":{"rendered":"https:\/\/graficaarejano.com.br\/site\/?post_type=product&#038;p=2428"},"modified":"2026-03-11T14:46:53","modified_gmt":"2026-03-11T17:46:53","slug":"impressoes-fotograficas","status":"publish","type":"product","link":"https:\/\/graficaarejano.com.br\/site\/produto\/impressoes-fotograficas\/","title":{"rendered":"Impress\u00f5es Fotogr\u00e1ficas"},"content":{"rendered":"<h2 class=\"title-page\">Qual a import\u00e2ncia da impress\u00f5es fotogr\u00e1ficas?<\/h2>\n<div class=\"text-group\">\n<div>As fotografias est\u00e3o presentes em todos os momentos, como casamentos, anivers\u00e1rios, nascimentos, formaturas, lembran\u00e7as com familiares, amigos e muito mais. O ato de\u00a0<b>impress\u00f5es fotogr\u00e1ficas<\/b>\u00a0tem o poder de marcar momentos, preservar experi\u00eancias e materializar mem\u00f3rias,\u00a0<b>protegendo hist\u00f3rias e evitando correr o risco de perd\u00ea-las<\/b>.<\/div>\n<\/div>\n<h2 class=\"title-page\">Como enviar minha arte para a\u00a0impress\u00f5es fotogr\u00e1ficas?<\/h2>\n<div class=\"text-group\">\n<div>O processo de\u00a0<b>impress\u00f5es fotogr\u00e1ficas<\/b>\u00a0\u00e9 bem simples, basta criar a arte gr\u00e1fica ou as artes, pois podem ser artes vari\u00e1veis\u00a0<b>utilizando o nosso gabarito<\/b>, respeitando as instru\u00e7\u00f5es sobre as\u00a0<b>margens de corte, sangria e seguran\u00e7a<\/b>. H\u00e1 v\u00e1rias op\u00e7\u00f5es de papel. \u00c9 necess\u00e1rio converter todas as fontes em curvas e utilizar a paleta de <b>cores CMYK<\/b>. Depois disso, \u00e9 s\u00f3 selecionar no filtro do produto o tamanho, a quantidade e enviar o seu arquivo em\u00a0<b>CDR<\/b>\u00a0durante o processo de compra.<\/div>\n<\/div>\n<h2 class=\"title-page\">Quais as vantagens de impress\u00f5es fotogr\u00e1ficas?<\/h2>\n<div class=\"text-group\">\n<div>Al\u00e9m da alt\u00edssima qualidade dos materiais gr\u00e1ficos, a gr\u00e1fica oferece conforto e praticidade em seu processo de compra, sendo ele <b>100% online<\/b> para que seu pedido chegue com comodidade e agilidade no endere\u00e7o escolhido ou no balc\u00e3o de retirada mais pr\u00f3ximo. Atuando no mercado, respons\u00e1vel por seus produtos e todos eles impressos.<\/div>\n<\/div>\n","protected":false},"excerpt":{"rendered":"<p>Qual a import\u00e2ncia da impress\u00f5es fotogr\u00e1ficas? As fotografias est\u00e3o presentes em todos os momentos, como casamentos, anivers\u00e1rios, nascimentos, formaturas, lembran\u00e7as com familiares, amigos e muito mais. O ato de\u00a0impress\u00f5es fotogr\u00e1ficas\u00a0tem o poder de marcar momentos, preservar experi\u00eancias e materializar mem\u00f3rias,\u00a0protegendo hist\u00f3rias e evitando correr o risco de perd\u00ea-las. Como enviar minha arte para a\u00a0impress\u00f5es fotogr\u00e1ficas? [&hellip;]<\/p>\n","protected":false},"featured_media":2430,"comment_status":"open","ping_status":"closed","template":"","meta":[],"product_brand":[],"product_cat":[872,498],"product_tag":[],"class_list":{"0":"post-2428","1":"product","2":"type-product","3":"status-publish","4":"has-post-thumbnail","6":"product_cat-convites","7":"product_cat-foto-produtos","9":"first","10":"instock","11":"shipping-taxable","12":"purchasable","13":"product-type-variable","14":"has-default-attributes"},"acf":[],"jetpack_sharing_enabled":true,"_links":{"self":[{"href":"https:\/\/graficaarejano.com.br\/site\/wp-json\/wp\/v2\/product\/2428","targetHints":{"allow":["GET"]}}],"collection":[{"href":"https:\/\/graficaarejano.com.br\/site\/wp-json\/wp\/v2\/product"}],"about":[{"href":"https:\/\/graficaarejano.com.br\/site\/wp-json\/wp\/v2\/types\/product"}],"replies":[{"embeddable":true,"href":"https:\/\/graficaarejano.com.br\/site\/wp-json\/wp\/v2\/comments?post=2428"}],"wp:featuredmedia":[{"embeddable":true,"href":"https:\/\/graficaarejano.com.br\/site\/wp-json\/wp\/v2\/media\/2430"}],"wp:attachment":[{"href":"https:\/\/graficaarejano.com.br\/site\/wp-json\/wp\/v2\/media?parent=2428"}],"wp:term":[{"taxonomy":"product_brand","embeddable":true,"href":"https:\/\/graficaarejano.com.br\/site\/wp-json\/wp\/v2\/product_brand?post=2428"},{"taxonomy":"product_cat","embeddable":true,"href":"https:\/\/graficaarejano.com.br\/site\/wp-json\/wp\/v2\/product_cat?post=2428"},{"taxonomy":"product_tag","embeddable":true,"href":"https:\/\/graficaarejano.com.br\/site\/wp-json\/wp\/v2\/product_tag?post=2428"}],"curies":[{"name":"wp","href":"https:\/\/api.w.org\/{rel}","templated":true}]}}