{"id":2864,"date":"2021-12-23T16:22:14","date_gmt":"2021-12-23T19:22:14","guid":{"rendered":"https:\/\/graficaarejano.com.br\/site\/?post_type=product&#038;p=2864"},"modified":"2026-03-10T17:19:59","modified_gmt":"2026-03-10T20:19:59","slug":"encartes-mercado","status":"publish","type":"product","link":"https:\/\/graficaarejano.com.br\/site\/produto\/encartes-mercado\/","title":{"rendered":"Encartes Mercado"},"content":{"rendered":"<p data-start=\"248\" data-end=\"561\">Os <strong data-start=\"251\" data-end=\"273\">encartes impressos<\/strong> s\u00e3o uma excelente ferramenta de divulga\u00e7\u00e3o para empresas que desejam promover produtos, servi\u00e7os, ofertas ou campanhas promocionais de forma pr\u00e1tica e eficiente. Produzidos em <strong data-start=\"450\" data-end=\"477\">papel couch\u00ea 70g ou 90g<\/strong>, eles oferecem \u00f3tima qualidade de impress\u00e3o, cores vivas e acabamento profissional.<\/p>\n<p data-start=\"563\" data-end=\"761\">Muito utilizados para <strong data-start=\"585\" data-end=\"667\">inser\u00e7\u00e3o em revistas, jornais, cat\u00e1logos, embalagens ou materiais promocionais<\/strong>, os encartes permitem comunicar informa\u00e7\u00f5es importantes de forma clara e objetiva ao p\u00fablico.<\/p>\n<p data-start=\"763\" data-end=\"987\">Por serem leves e econ\u00f4micos, os encartes s\u00e3o ideais para <strong data-start=\"821\" data-end=\"876\">grandes tiragens e campanhas de divulga\u00e7\u00e3o em massa<\/strong>, sendo muito utilizados por supermercados, lojas, farm\u00e1cias, empresas de servi\u00e7os e diversos outros segmentos.<\/p>\n<p data-start=\"989\" data-end=\"1148\">Com excelente custo-benef\u00edcio, os encartes ajudam a refor\u00e7ar campanhas promocionais, divulgar novidades e aumentar o alcance das a\u00e7\u00f5es de marketing da empresa.<\/p>\n<div class=\"text-group\">\n<p>&nbsp;<\/p>\n<h2 class=\"title-page\">O que \u00e9 um Encarte de Supermercado\/Loja?<\/h2>\n<div class=\"text-group\">\n<div>Um\u00a0<b>Encarte de Supermercado\/Loja<\/b>\u00a0\u00e9 um impresso bastante\u00a0<b>utilizado por mercados e com\u00e9rcios<\/b> de pequeno, m\u00e9dio e grande porte a fim de destacar as ofertas do dia ou da semana.<\/div>\n<\/div>\n<h2 class=\"title-page\">Como personalizar o Encarte de Supermercado\/Loja?<\/h2>\n<div class=\"text-group\">\n<div>A personaliza\u00e7\u00e3o do\u00a0<b>Encarte de Supermercado\/Loja<\/b>\u00a0\u00e9 feita por voc\u00ea. Para isso, basta criar a arte gr\u00e1fica em seu software de cria\u00e7\u00e3o preferido\u00a0<b>(Corel Draw)<\/b>. Para garantir que o impresso tenha o\u00a0<b>melhor resultado de impress\u00e3o<\/b>\u00a0poss\u00edvel \u00e9\u00a0<b>obrigat\u00f3rio o uso do gabarito<\/b> (dispon\u00edvel para download no site) durante a cria\u00e7\u00e3o da arte gr\u00e1fica.<\/div>\n<\/div>\n<\/div>\n<div class=\"text-group\">\n<div>\n<h2><strong>Como enviar a arte personalizada para impress\u00e3o?<\/strong><\/h2>\n<p>Se voc\u00ea j\u00e1 fez a arte dentro do padr\u00e3o\/gabarito disponibilizado no site,<strong>\u00a0basta nos enviar durante o processo de compra.<\/strong> Caso tenha d\u00favidas sobre o gabarito, voc\u00ea pode entra em contato pelo <strong>Whatsapp<\/strong>, assim poder\u00e1 ser esclarecido todas as d\u00favidas deste servi\u00e7o.<\/p>\n<\/div>\n<\/div>\n","protected":false},"excerpt":{"rendered":"<p>Os encartes impressos s\u00e3o uma excelente ferramenta de divulga\u00e7\u00e3o para empresas que desejam promover produtos, servi\u00e7os, ofertas ou campanhas promocionais de forma pr\u00e1tica e eficiente. Produzidos em papel couch\u00ea 70g ou 90g, eles oferecem \u00f3tima qualidade de impress\u00e3o, cores vivas e acabamento profissional. Muito utilizados para inser\u00e7\u00e3o em revistas, jornais, cat\u00e1logos, embalagens ou materiais promocionais, [&hellip;]<\/p>\n","protected":false},"featured_media":2880,"comment_status":"open","ping_status":"closed","template":"","meta":[],"product_brand":[],"product_cat":[574],"product_tag":[],"class_list":{"0":"post-2864","1":"product","2":"type-product","3":"status-publish","4":"has-post-thumbnail","6":"product_cat-encartes","8":"first","9":"instock","10":"shipping-taxable","11":"purchasable","12":"product-type-variable","13":"has-default-attributes"},"acf":[],"jetpack_sharing_enabled":true,"_links":{"self":[{"href":"https:\/\/graficaarejano.com.br\/site\/wp-json\/wp\/v2\/product\/2864","targetHints":{"allow":["GET"]}}],"collection":[{"href":"https:\/\/graficaarejano.com.br\/site\/wp-json\/wp\/v2\/product"}],"about":[{"href":"https:\/\/graficaarejano.com.br\/site\/wp-json\/wp\/v2\/types\/product"}],"replies":[{"embeddable":true,"href":"https:\/\/graficaarejano.com.br\/site\/wp-json\/wp\/v2\/comments?post=2864"}],"wp:featuredmedia":[{"embeddable":true,"href":"https:\/\/graficaarejano.com.br\/site\/wp-json\/wp\/v2\/media\/2880"}],"wp:attachment":[{"href":"https:\/\/graficaarejano.com.br\/site\/wp-json\/wp\/v2\/media?parent=2864"}],"wp:term":[{"taxonomy":"product_brand","embeddable":true,"href":"https:\/\/graficaarejano.com.br\/site\/wp-json\/wp\/v2\/product_brand?post=2864"},{"taxonomy":"product_cat","embeddable":true,"href":"https:\/\/graficaarejano.com.br\/site\/wp-json\/wp\/v2\/product_cat?post=2864"},{"taxonomy":"product_tag","embeddable":true,"href":"https:\/\/graficaarejano.com.br\/site\/wp-json\/wp\/v2\/product_tag?post=2864"}],"curies":[{"name":"wp","href":"https:\/\/api.w.org\/{rel}","templated":true}]}}