{"id":2928,"date":"2021-12-24T11:24:00","date_gmt":"2021-12-24T14:24:00","guid":{"rendered":"https:\/\/graficaarejano.com.br\/site\/?post_type=product&#038;p=2928"},"modified":"2026-02-12T13:08:27","modified_gmt":"2026-02-12T16:08:27","slug":"adesivo-de-vitrine-liquidacao","status":"publish","type":"product","link":"https:\/\/graficaarejano.com.br\/site\/produto\/adesivo-de-vitrine-liquidacao\/","title":{"rendered":"Adesivo de Vitrine &#8211; Liquida\u00e7\u00e3o"},"content":{"rendered":"<p data-start=\"212\" data-end=\"533\">O <strong data-start=\"214\" data-end=\"257\">Adesivo de Vitrine Liquida\u00e7\u00e3o 119\u00d742 cm<\/strong> \u00e9 uma pe\u00e7a desenvolvida para comunicar promo\u00e7\u00f5es com impacto, clareza e urg\u00eancia. Seu formato horizontal alongado permite aplica\u00e7\u00e3o estrat\u00e9gica em vitrines, portas de vidro e fachadas comerciais, garantindo excelente visibilidade para quem passa em frente ao estabelecimento.<\/p>\n<p data-start=\"535\" data-end=\"819\">Com dimens\u00f5es de <strong data-start=\"552\" data-end=\"567\">119 \u00d7 42 cm<\/strong>, oferece espa\u00e7o suficiente para mensagens fortes e leg\u00edveis \u00e0 dist\u00e2ncia, como descontos, queima de estoque ou campanhas sazonais. \u00c9 ideal para lojas que desejam aumentar o fluxo de clientes e refor\u00e7ar a\u00e7\u00f5es promocionais de forma direta e profissional.<\/p>\n<p data-start=\"821\" data-end=\"949\">Esse modelo transmite sensa\u00e7\u00e3o de oportunidade e urg\u00eancia \u2014 dois fatores fundamentais para estimular decis\u00f5es r\u00e1pidas de compra.<\/p>\n<div>\n<h2 class=\"title-page\">Como fazer Adesivos Liquida\u00e7\u00e3o?<\/h2>\n<div class=\"text-group\">\n<div>Para personalizar seus adesivos, voc\u00ea dever\u00e1\u00a0<b>fazer o download do gabarito\/padr\u00e3o no site<\/b>, produzir a arte gr\u00e1fica no formato de sua prefer\u00eancia (CorelDraw), lembrando de seguir todas as indica\u00e7\u00f5es e padr\u00f5es e, depois, enviar via site o arquivo finalizado.<\/div>\n<\/div>\n<div>\n<div class=\"text-group\">\n<h2><strong>Como enviar a arte personalizada para impress\u00e3o?<\/strong><\/h2>\n<p>Se voc\u00ea j\u00e1 fez a arte dentro do padr\u00e3o\/gabarito disponibilizado no site,<strong>\u00a0basta nos enviar durante o processo de compra.<\/strong> Caso tenha d\u00favidas sobre o gabarito, voc\u00ea pode entra em contato pelo <strong>Whatsapp<\/strong>, assim poder\u00e1 ser esclarecido todas as d\u00favidas deste servi\u00e7o.<\/p>\n<\/div>\n<\/div>\n<\/div>\n","protected":false},"excerpt":{"rendered":"<p>O Adesivo de Vitrine Liquida\u00e7\u00e3o 119\u00d742 cm \u00e9 uma pe\u00e7a desenvolvida para comunicar promo\u00e7\u00f5es com impacto, clareza e urg\u00eancia. Seu formato horizontal alongado permite aplica\u00e7\u00e3o estrat\u00e9gica em vitrines, portas de vidro e fachadas comerciais, garantindo excelente visibilidade para quem passa em frente ao estabelecimento. Com dimens\u00f5es de 119 \u00d7 42 cm, oferece espa\u00e7o suficiente para [&hellip;]<\/p>\n","protected":false},"featured_media":5979,"comment_status":"open","ping_status":"closed","template":"","meta":[],"product_brand":[],"product_cat":[580],"product_tag":[],"class_list":{"0":"post-2928","1":"product","2":"type-product","3":"status-publish","4":"has-post-thumbnail","6":"product_cat-adesivos-de-vitrines","8":"first","9":"instock","10":"shipping-taxable","11":"purchasable","12":"product-type-variable","13":"has-default-attributes"},"acf":[],"jetpack_sharing_enabled":true,"_links":{"self":[{"href":"https:\/\/graficaarejano.com.br\/site\/wp-json\/wp\/v2\/product\/2928","targetHints":{"allow":["GET"]}}],"collection":[{"href":"https:\/\/graficaarejano.com.br\/site\/wp-json\/wp\/v2\/product"}],"about":[{"href":"https:\/\/graficaarejano.com.br\/site\/wp-json\/wp\/v2\/types\/product"}],"replies":[{"embeddable":true,"href":"https:\/\/graficaarejano.com.br\/site\/wp-json\/wp\/v2\/comments?post=2928"}],"wp:featuredmedia":[{"embeddable":true,"href":"https:\/\/graficaarejano.com.br\/site\/wp-json\/wp\/v2\/media\/5979"}],"wp:attachment":[{"href":"https:\/\/graficaarejano.com.br\/site\/wp-json\/wp\/v2\/media?parent=2928"}],"wp:term":[{"taxonomy":"product_brand","embeddable":true,"href":"https:\/\/graficaarejano.com.br\/site\/wp-json\/wp\/v2\/product_brand?post=2928"},{"taxonomy":"product_cat","embeddable":true,"href":"https:\/\/graficaarejano.com.br\/site\/wp-json\/wp\/v2\/product_cat?post=2928"},{"taxonomy":"product_tag","embeddable":true,"href":"https:\/\/graficaarejano.com.br\/site\/wp-json\/wp\/v2\/product_tag?post=2928"}],"curies":[{"name":"wp","href":"https:\/\/api.w.org\/{rel}","templated":true}]}}