{"id":468,"date":"2021-10-06T16:59:37","date_gmt":"2021-10-06T19:59:37","guid":{"rendered":"https:\/\/graficaarejano.com.br\/site\/?post_type=product&#038;p=468"},"modified":"2026-02-24T15:28:32","modified_gmt":"2026-02-24T18:28:32","slug":"cartao-de-visita-pvc","status":"publish","type":"product","link":"https:\/\/graficaarejano.com.br\/site\/produto\/cartao-de-visita-pvc\/","title":{"rendered":"Cart\u00f5es de Visita PVC"},"content":{"rendered":"<p data-start=\"368\" data-end=\"705\">Se voc\u00ea procura resist\u00eancia, sofistica\u00e7\u00e3o e inova\u00e7\u00e3o em um \u00fanico material, os <strong data-start=\"446\" data-end=\"474\">Cart\u00f5es de Visita em PVC<\/strong> s\u00e3o a escolha ideal. Diferente do papel tradicional, o PVC garante maior durabilidade, n\u00e3o rasga, n\u00e3o amassa e \u00e9 resistente \u00e0 \u00e1gua, tornando-se perfeito para profissionais que desejam se destacar com um cart\u00e3o moderno e duradouro.<\/p>\n<p data-start=\"707\" data-end=\"766\">Produzimos com a <strong data-start=\"724\" data-end=\"743\">arte do cliente<\/strong> em diversas varia\u00e7\u00f5es:<\/p>\n<h3 data-start=\"768\" data-end=\"803\">\u2705 <strong data-start=\"774\" data-end=\"802\">Tipos de PVC Dispon\u00edveis<\/strong>:<\/h3>\n<ul data-start=\"805\" data-end=\"1696\">\n<li data-start=\"805\" data-end=\"999\">\n<p data-start=\"807\" data-end=\"999\"><strong data-start=\"807\" data-end=\"821\">PVC Branco<\/strong><br data-start=\"821\" data-end=\"824\" \/>\u2022 Espessuras: <strong data-start=\"840\" data-end=\"850\">0.3 mm<\/strong>, <strong data-start=\"852\" data-end=\"862\">0.5 mm<\/strong> e <strong data-start=\"865\" data-end=\"876\">0.76 mm<\/strong><br data-start=\"876\" data-end=\"879\" \/>\u2022 Acabamento liso, resistente e de excelente defini\u00e7\u00e3o de cores.<br data-start=\"945\" data-end=\"948\" \/>\u2022 Ideal para artes coloridas e visuais cl\u00e1ssicos.<\/p>\n<\/li>\n<li data-start=\"1001\" data-end=\"1188\">\n<p data-start=\"1003\" data-end=\"1188\"><strong data-start=\"1003\" data-end=\"1030\">PVC Transparente 0.3 mm<\/strong><br data-start=\"1030\" data-end=\"1033\" \/>\u2022 Estilo clean e moderno. Visualmente inovador, como um \u201ccart\u00e3o de vidro\u201d.<br data-start=\"1109\" data-end=\"1112\" \/>\u2022 Recomendado para layouts com \u00e1reas de texto bem definidas e boa leitura.<\/p>\n<\/li>\n<li data-start=\"1190\" data-end=\"1370\">\n<p data-start=\"1192\" data-end=\"1370\"><strong data-start=\"1192\" data-end=\"1234\">PVC Transparente com Branco Localizado<\/strong><br data-start=\"1234\" data-end=\"1237\" \/>\u2022 Permite destacar trechos espec\u00edficos da arte com branco de fundo, melhorando a legibilidade e adicionando sofistica\u00e7\u00e3o ao design.<\/p>\n<\/li>\n<li data-start=\"1372\" data-end=\"1557\">\n<p data-start=\"1374\" data-end=\"1557\"><strong data-start=\"1374\" data-end=\"1400\">PVC Transl\u00facido 0.3 mm<\/strong><br data-start=\"1400\" data-end=\"1403\" \/>\u2022 Efeito emba\u00e7ado, diferenciado e elegante. Mais privacidade do que o transparente.<br data-start=\"1488\" data-end=\"1491\" \/>\u2022 Ideal para designs minimalistas ou com efeitos visuais suaves.<\/p>\n<\/li>\n<li data-start=\"1559\" data-end=\"1696\">\n<p data-start=\"1561\" data-end=\"1696\"><strong data-start=\"1561\" data-end=\"1602\">PVC Transl\u00facido com Branco Localizado<\/strong><br data-start=\"1602\" data-end=\"1605\" \/>\u2022 Combina o visual transl\u00facido com \u00e1reas de destaque, garantindo estilo e funcionalidade.<\/p>\n<\/li>\n<\/ul>\n","protected":false},"excerpt":{"rendered":"<p>Se voc\u00ea procura resist\u00eancia, sofistica\u00e7\u00e3o e inova\u00e7\u00e3o em um \u00fanico material, os Cart\u00f5es de Visita em PVC s\u00e3o a escolha ideal. Diferente do papel tradicional, o PVC garante maior durabilidade, n\u00e3o rasga, n\u00e3o amassa e \u00e9 resistente \u00e0 \u00e1gua, tornando-se perfeito para profissionais que desejam se destacar com um cart\u00e3o moderno e duradouro. Produzimos com [&hellip;]<\/p>\n","protected":false},"featured_media":731,"comment_status":"open","ping_status":"closed","template":"","meta":[],"product_brand":[],"product_cat":[53],"product_tag":[],"class_list":{"0":"post-468","1":"product","2":"type-product","3":"status-publish","4":"has-post-thumbnail","6":"product_cat-cartoes-de-visita","8":"first","9":"instock","10":"shipping-taxable","11":"purchasable","12":"product-type-variable"},"acf":[],"jetpack_sharing_enabled":true,"_links":{"self":[{"href":"https:\/\/graficaarejano.com.br\/site\/wp-json\/wp\/v2\/product\/468","targetHints":{"allow":["GET"]}}],"collection":[{"href":"https:\/\/graficaarejano.com.br\/site\/wp-json\/wp\/v2\/product"}],"about":[{"href":"https:\/\/graficaarejano.com.br\/site\/wp-json\/wp\/v2\/types\/product"}],"replies":[{"embeddable":true,"href":"https:\/\/graficaarejano.com.br\/site\/wp-json\/wp\/v2\/comments?post=468"}],"wp:featuredmedia":[{"embeddable":true,"href":"https:\/\/graficaarejano.com.br\/site\/wp-json\/wp\/v2\/media\/731"}],"wp:attachment":[{"href":"https:\/\/graficaarejano.com.br\/site\/wp-json\/wp\/v2\/media?parent=468"}],"wp:term":[{"taxonomy":"product_brand","embeddable":true,"href":"https:\/\/graficaarejano.com.br\/site\/wp-json\/wp\/v2\/product_brand?post=468"},{"taxonomy":"product_cat","embeddable":true,"href":"https:\/\/graficaarejano.com.br\/site\/wp-json\/wp\/v2\/product_cat?post=468"},{"taxonomy":"product_tag","embeddable":true,"href":"https:\/\/graficaarejano.com.br\/site\/wp-json\/wp\/v2\/product_tag?post=468"}],"curies":[{"name":"wp","href":"https:\/\/api.w.org\/{rel}","templated":true}]}}