{"id":4900,"date":"2023-12-07T10:37:51","date_gmt":"2023-12-07T13:37:51","guid":{"rendered":"https:\/\/graficaarejano.com.br\/site\/?post_type=product&#038;p=4900"},"modified":"2026-03-11T14:33:15","modified_gmt":"2026-03-11T17:33:15","slug":"foto-polaroid","status":"publish","type":"product","link":"https:\/\/graficaarejano.com.br\/site\/produto\/foto-polaroid\/","title":{"rendered":"Foto Polaroid"},"content":{"rendered":"<p data-start=\"229\" data-end=\"486\">A <strong data-start=\"231\" data-end=\"262\">Foto Polaroid personalizada<\/strong> \u00e9 uma forma criativa e moderna de eternizar momentos especiais. Inspirada no cl\u00e1ssico estilo das fotografias instant\u00e2neas, ela possui um visual charmoso com bordas caracter\u00edsticas que remetem \u00e0s tradicionais fotos Polaroid.<\/p>\n<p data-start=\"488\" data-end=\"750\">Produzida em <strong data-start=\"501\" data-end=\"555\">papel couch\u00ea fosco 210g com verniz total na frente<\/strong>, oferece excelente qualidade de impress\u00e3o, cores vivas e \u00f3tima durabilidade. O verniz aplicado na parte frontal ajuda a valorizar as imagens, trazendo mais destaque e prote\u00e7\u00e3o para a fotografia.<\/p>\n<p data-start=\"752\" data-end=\"965\">Muito utilizadas para <strong data-start=\"774\" data-end=\"862\">decora\u00e7\u00e3o, lembran\u00e7as de eventos, \u00e1lbuns personalizados, murais de fotos e presentes<\/strong>, as fotos Polaroid se tornaram uma tend\u00eancia em festas, casamentos, anivers\u00e1rios e projetos criativos.<\/p>\n<p data-start=\"967\" data-end=\"1127\">Al\u00e9m de decorar ambientes, elas tamb\u00e9m podem ser utilizadas como lembran\u00e7a especial para convidados ou como elemento visual em eventos e campanhas promocionais.<\/p>\n","protected":false},"excerpt":{"rendered":"<p>A Foto Polaroid personalizada \u00e9 uma forma criativa e moderna de eternizar momentos especiais. Inspirada no cl\u00e1ssico estilo das fotografias instant\u00e2neas, ela possui um visual charmoso com bordas caracter\u00edsticas que remetem \u00e0s tradicionais fotos Polaroid. Produzida em papel couch\u00ea fosco 210g com verniz total na frente, oferece excelente qualidade de impress\u00e3o, cores vivas e \u00f3tima [&hellip;]<\/p>\n","protected":false},"featured_media":4901,"comment_status":"open","ping_status":"closed","template":"","meta":[],"product_brand":[],"product_cat":[498],"product_tag":[],"class_list":{"0":"post-4900","1":"product","2":"type-product","3":"status-publish","4":"has-post-thumbnail","6":"product_cat-foto-produtos","8":"first","9":"instock","10":"shipping-taxable","11":"purchasable","12":"product-type-variable","13":"has-default-attributes"},"acf":[],"jetpack_sharing_enabled":true,"_links":{"self":[{"href":"https:\/\/graficaarejano.com.br\/site\/wp-json\/wp\/v2\/product\/4900","targetHints":{"allow":["GET"]}}],"collection":[{"href":"https:\/\/graficaarejano.com.br\/site\/wp-json\/wp\/v2\/product"}],"about":[{"href":"https:\/\/graficaarejano.com.br\/site\/wp-json\/wp\/v2\/types\/product"}],"replies":[{"embeddable":true,"href":"https:\/\/graficaarejano.com.br\/site\/wp-json\/wp\/v2\/comments?post=4900"}],"wp:featuredmedia":[{"embeddable":true,"href":"https:\/\/graficaarejano.com.br\/site\/wp-json\/wp\/v2\/media\/4901"}],"wp:attachment":[{"href":"https:\/\/graficaarejano.com.br\/site\/wp-json\/wp\/v2\/media?parent=4900"}],"wp:term":[{"taxonomy":"product_brand","embeddable":true,"href":"https:\/\/graficaarejano.com.br\/site\/wp-json\/wp\/v2\/product_brand?post=4900"},{"taxonomy":"product_cat","embeddable":true,"href":"https:\/\/graficaarejano.com.br\/site\/wp-json\/wp\/v2\/product_cat?post=4900"},{"taxonomy":"product_tag","embeddable":true,"href":"https:\/\/graficaarejano.com.br\/site\/wp-json\/wp\/v2\/product_tag?post=4900"}],"curies":[{"name":"wp","href":"https:\/\/api.w.org\/{rel}","templated":true}]}}