{"id":6122,"date":"2024-03-03T11:04:05","date_gmt":"2024-03-03T14:04:05","guid":{"rendered":"https:\/\/graficaarejano.com.br\/site\/?post_type=product&#038;p=6122"},"modified":"2026-02-22T15:05:19","modified_gmt":"2026-02-22T18:05:19","slug":"adesivos-resinados","status":"publish","type":"product","link":"https:\/\/graficaarejano.com.br\/site\/produto\/adesivos-resinados\/","title":{"rendered":"Etiquetas Resinadas Vinil Branco"},"content":{"rendered":"<p data-start=\"1050\" data-end=\"1497\">Na <strong data-start=\"1053\" data-end=\"1072\">Gr\u00e1fica Arejano<\/strong>, voc\u00ea encontra as melhores <strong data-start=\"1100\" data-end=\"1147\">etiquetas resinadas em adesivo vinil branco<\/strong>, perfeitas para aplica\u00e7\u00f5es que exigem um fundo s\u00f3lido e vibrante. Produzidas com <strong data-start=\"1229\" data-end=\"1288\">resina ep\u00f3xi de alta qualidade, flex\u00edvel e n\u00e3o poluente<\/strong>, garantem um acabamento brilhante e sofisticado. Com <strong data-start=\"1342\" data-end=\"1381\">impress\u00e3o digital de alta resolu\u00e7\u00e3o<\/strong>, essas etiquetas proporcionam cores intensas e defini\u00e7\u00e3o impec\u00e1vel, destacando qualquer logotipo ou arte gr\u00e1fica.<\/p>\n<p data-start=\"195\" data-end=\"501\">O <strong data-start=\"197\" data-end=\"230\">Adesivo Vinil Branco Resinado<\/strong> \u00e9 a escolha ideal para quem busca <strong data-start=\"265\" data-end=\"323\">alto impacto visual, durabilidade e acabamento premium<\/strong>. Produzido em <strong data-start=\"338\" data-end=\"354\">vinil branco<\/strong>, recebe uma camada de <strong data-start=\"377\" data-end=\"387\">resina<\/strong>, que cria efeito de relevo e brilho intenso, protegendo a impress\u00e3o e valorizando a identidade visual do produto.<\/p>\n<p data-start=\"503\" data-end=\"832\">Dispon\u00edvel nos tamanhos <strong data-start=\"527\" data-end=\"537\">9\u00d75 cm<\/strong>, <strong data-start=\"539\" data-end=\"549\">5\u00d74 cm<\/strong>, <strong data-start=\"551\" data-end=\"562\">10\u00d79 cm<\/strong> e <strong data-start=\"565\" data-end=\"576\">9\u00d720 cm<\/strong>, esse adesivo atende diferentes necessidades, desde aplica\u00e7\u00f5es menores e discretas at\u00e9 usos que exigem maior destaque. O fundo branco garante <strong data-start=\"719\" data-end=\"742\">fidelidade de cores<\/strong>, excelente contraste e leitura clara, independentemente da superf\u00edcie onde ser\u00e1 aplicado.<\/p>\n<p data-start=\"834\" data-end=\"1085\">A camada resinada aumenta significativamente a resist\u00eancia ao atrito, umidade e desgaste do uso di\u00e1rio, tornando o produto ideal para aplica\u00e7\u00f5es em embalagens, produtos, brindes e materiais promocionais que exigem qualidade superior e longa vida \u00fatil.<\/p>\n","protected":false},"excerpt":{"rendered":"<p><strong>Entregue em Folha A3<\/strong>.<\/p>\n","protected":false},"featured_media":10509,"comment_status":"open","ping_status":"closed","template":"","meta":[],"product_brand":[],"product_cat":[248,990,989],"product_tag":[],"class_list":{"0":"post-6122","1":"product","2":"type-product","3":"status-publish","4":"has-post-thumbnail","6":"product_cat-adesivos","7":"product_cat-adesivos-resinados","8":"product_cat-etiquetas-resinadas","10":"first","11":"instock","12":"shipping-taxable","13":"purchasable","14":"product-type-variable","15":"has-default-attributes"},"acf":[],"jetpack_sharing_enabled":true,"_links":{"self":[{"href":"https:\/\/graficaarejano.com.br\/site\/wp-json\/wp\/v2\/product\/6122","targetHints":{"allow":["GET"]}}],"collection":[{"href":"https:\/\/graficaarejano.com.br\/site\/wp-json\/wp\/v2\/product"}],"about":[{"href":"https:\/\/graficaarejano.com.br\/site\/wp-json\/wp\/v2\/types\/product"}],"replies":[{"embeddable":true,"href":"https:\/\/graficaarejano.com.br\/site\/wp-json\/wp\/v2\/comments?post=6122"}],"wp:featuredmedia":[{"embeddable":true,"href":"https:\/\/graficaarejano.com.br\/site\/wp-json\/wp\/v2\/media\/10509"}],"wp:attachment":[{"href":"https:\/\/graficaarejano.com.br\/site\/wp-json\/wp\/v2\/media?parent=6122"}],"wp:term":[{"taxonomy":"product_brand","embeddable":true,"href":"https:\/\/graficaarejano.com.br\/site\/wp-json\/wp\/v2\/product_brand?post=6122"},{"taxonomy":"product_cat","embeddable":true,"href":"https:\/\/graficaarejano.com.br\/site\/wp-json\/wp\/v2\/product_cat?post=6122"},{"taxonomy":"product_tag","embeddable":true,"href":"https:\/\/graficaarejano.com.br\/site\/wp-json\/wp\/v2\/product_tag?post=6122"}],"curies":[{"name":"wp","href":"https:\/\/api.w.org\/{rel}","templated":true}]}}

<p data-start="1050" data-end="1497">Na <strong data-start="1053" data-end="1072">Gráfica Arejano</strong>, você encontra as melhores <strong data-start="1100" data-end="1147">etiquetas resinadas em adesivo vinil branco</strong>, perfeitas para aplicações que exigem um fundo sólido e vibrante. Produzidas com <strong data-start="1229" data-end="1288">resina epóxi de alta qualidade, flexível e não poluente</strong>, garantem um acabamento brilhante e sofisticado. Com <strong data-start="1342" data-end="1381">impressão digital de alta resolução</strong>, essas etiquetas proporcionam cores intensas e definição impecável, destacando qualquer logotipo ou arte gráfica.</p>
<p data-start="195" data-end="501">O <strong data-start="197" data-end="230">Adesivo Vinil Branco Resinado</strong> é a escolha ideal para quem busca <strong data-start="265" data-end="323">alto impacto visual, durabilidade e acabamento premium</strong>. Produzido em <strong data-start="338" data-end="354">vinil branco</strong>, recebe uma camada de <strong data-start="377" data-end="387">resina</strong>, que cria efeito de relevo e brilho intenso, protegendo a impressão e valorizando a identidade visual do produto.</p>
<p data-start="503" data-end="832">Disponível nos tamanhos <strong data-start="527" data-end="537">9×5 cm</strong>, <strong data-start="539" data-end="549">5×4 cm</strong>, <strong data-start="551" data-end="562">10×9 cm</strong> e <strong data-start="565" data-end="576">9×20 cm</strong>, esse adesivo atende diferentes necessidades, desde aplicações menores e discretas até usos que exigem maior destaque. O fundo branco garante <strong data-start="719" data-end="742">fidelidade de cores</strong>, excelente contraste e leitura clara, independentemente da superfície onde será aplicado.</p>
<p data-start="834" data-end="1085">A camada resinada aumenta significativamente a resistência ao atrito, umidade e desgaste do uso diário, tornando o produto ideal para aplicações em embalagens, produtos, brindes e materiais promocionais que exigem qualidade superior e longa vida útil.</p>
