{"id":6683,"date":"2024-06-17T21:12:55","date_gmt":"2024-06-18T00:12:55","guid":{"rendered":"https:\/\/graficaarejano.com.br\/site\/?post_type=product&#038;p=6683"},"modified":"2026-03-09T13:01:58","modified_gmt":"2026-03-09T16:01:58","slug":"santinhos-panfletos","status":"publish","type":"product","link":"https:\/\/graficaarejano.com.br\/site\/produto\/santinhos-panfletos\/","title":{"rendered":"Santinhos\/Panfletos"},"content":{"rendered":"<p data-start=\"251\" data-end=\"465\">Os <strong data-start=\"254\" data-end=\"289\">Santinhos Pol\u00edticos \/ Panfletos<\/strong> s\u00e3o materiais essenciais em campanhas eleitorais, utilizados para apresentar o candidato, divulgar propostas e facilitar a memoriza\u00e7\u00e3o do <strong data-start=\"428\" data-end=\"464\">nome e n\u00famero na hora da vota\u00e7\u00e3o<\/strong>.<\/p>\n<p data-start=\"467\" data-end=\"749\">Compactos e pr\u00e1ticos, os santinhos podem ser distribu\u00eddos em caminhadas, visitas, eventos de campanha ou a\u00e7\u00f5es diretas com eleitores. Seu formato permite incluir informa\u00e7\u00f5es importantes como <strong data-start=\"658\" data-end=\"748\">foto do candidato, n\u00famero, cargo disputado, partido e principais mensagens da campanha<\/strong>.<\/p>\n<p data-start=\"751\" data-end=\"944\">Por serem materiais leves e de f\u00e1cil distribui\u00e7\u00e3o, os santinhos possibilitam alcan\u00e7ar um grande n\u00famero de eleitores, tornando-se uma das ferramentas mais utilizadas durante o per\u00edodo eleitoral.<\/p>\n<p data-start=\"946\" data-end=\"1032\">Al\u00e9m disso, ajudam o eleitor a lembrar rapidamente do candidato no momento da vota\u00e7\u00e3o.<\/p>\n","protected":false},"excerpt":{"rendered":"<p>Os Santinhos Pol\u00edticos \/ Panfletos s\u00e3o materiais essenciais em campanhas eleitorais, utilizados para apresentar o candidato, divulgar propostas e facilitar a memoriza\u00e7\u00e3o do nome e n\u00famero na hora da vota\u00e7\u00e3o. Compactos e pr\u00e1ticos, os santinhos podem ser distribu\u00eddos em caminhadas, visitas, eventos de campanha ou a\u00e7\u00f5es diretas com eleitores. Seu formato permite incluir informa\u00e7\u00f5es importantes [&hellip;]<\/p>\n","protected":false},"featured_media":6666,"comment_status":"open","ping_status":"closed","template":"","meta":[],"product_brand":[],"product_cat":[1015],"product_tag":[],"class_list":{"0":"post-6683","1":"product","2":"type-product","3":"status-publish","4":"has-post-thumbnail","6":"product_cat-eleicoes-2026","8":"first","9":"instock","10":"shipping-taxable","11":"purchasable","12":"product-type-variable","13":"has-default-attributes"},"acf":[],"jetpack_sharing_enabled":true,"_links":{"self":[{"href":"https:\/\/graficaarejano.com.br\/site\/wp-json\/wp\/v2\/product\/6683","targetHints":{"allow":["GET"]}}],"collection":[{"href":"https:\/\/graficaarejano.com.br\/site\/wp-json\/wp\/v2\/product"}],"about":[{"href":"https:\/\/graficaarejano.com.br\/site\/wp-json\/wp\/v2\/types\/product"}],"replies":[{"embeddable":true,"href":"https:\/\/graficaarejano.com.br\/site\/wp-json\/wp\/v2\/comments?post=6683"}],"wp:featuredmedia":[{"embeddable":true,"href":"https:\/\/graficaarejano.com.br\/site\/wp-json\/wp\/v2\/media\/6666"}],"wp:attachment":[{"href":"https:\/\/graficaarejano.com.br\/site\/wp-json\/wp\/v2\/media?parent=6683"}],"wp:term":[{"taxonomy":"product_brand","embeddable":true,"href":"https:\/\/graficaarejano.com.br\/site\/wp-json\/wp\/v2\/product_brand?post=6683"},{"taxonomy":"product_cat","embeddable":true,"href":"https:\/\/graficaarejano.com.br\/site\/wp-json\/wp\/v2\/product_cat?post=6683"},{"taxonomy":"product_tag","embeddable":true,"href":"https:\/\/graficaarejano.com.br\/site\/wp-json\/wp\/v2\/product_tag?post=6683"}],"curies":[{"name":"wp","href":"https:\/\/api.w.org\/{rel}","templated":true}]}}